 802.
401
What is the highest common divisor of 35016 and 18?
6
What is the greatest common factor of 3868 and 3076?
4
Calculate the highest common factor of 2864 and 656.
16
What is the greatest common factor of 4185 and 4247?
31
What is the highest common divisor of 716694 and 132?
66
Calculate the greatest common divisor of 18780 and 840.
60
What is the highest common factor of 205497 and 36108?
531
Calculate the highest common divisor of 10602 and 6498.
342
What is the highest common factor of 1651 and 616712?
127
What is the greatest common divisor of 258207 and 6?
3
Calculate the highest common factor of 304326 and 110.
22
What is the highest common divisor of 316974 and 287?
7
Calculate the highest common divisor of 5207 and 10033.
127
Calculate the highest common divisor of 10149 and 408.
51
Calculate the greatest common factor of 14442 and 9462.
498
Calculate the highest common divisor of 12 and 38238.
6
What is the highest common factor of 25026 and 1552?
194
Calculate the highest common divisor of 248643 and 729.
27
What is the highest common divisor of 419517 and 2709?
63
Calculate the highest common factor of 158 and 64.
2
Calculate the greatest common factor of 716 and 961767.
179
What is the greatest common factor of 5198 and 3164?
226
Calculate the greatest common divisor of 30 and 445845.
15
Calculate the highest common divisor of 8 and 268264.
8
Calculate the greatest common divisor of 997771 and 137.
137
Calculate the greatest common divisor of 320 and 13080.
40
Calculate the highest common divisor of 455 and 960869.
91
Calculate the greatest common factor of 79686 and 5472.
342
What is the highest common divisor of 152060 and 60?
20
Calculate the greatest common factor of 19675 and 703578.
787
What is the greatest common divisor of 2448 and 45624?
24
What is the highest common factor of 271739 and 13?
13
What is the greatest common factor of 1179 and 332871?
393
What is the highest common divisor of 11172 and 173508?
228
Calculate the highest common divisor of 9953255 and 1690.
845
Calculate the highest common divisor of 1022418 and 316.
158
Calculate the highest common factor of 17410 and 5.
5
Calculate the highest common factor of 368 and 256.
16
What is the highest common factor of 252 and 21159?
9
Calculate the highest common factor of 25 and 169.
1
Calculate the highest common factor of 1206 and 2175624.
1206
Calculate the greatest common divisor of 5002 and 83722.
82
What is the highest common divisor of 78558 and 156?
6
What is the highest common divisor of 1131 and 15483?
39
Calculate the highest common factor of 22 and 347798.
22
Calculate the highest common divisor of 623 and 91.
7
Calculate the highest common divisor of 1694 and 16577.
121
Calculate the greatest common divisor of 259048 and 8.
8
Calculate the highest common factor of 45125 and 175.
25
What is the highest common factor of 45 and 246075?
15
Calculate the highest common factor of 39364 and 3692.
52
What is the highest common divisor of 129 and 74949?
129
Calculate the highest common divisor of 363450 and 2.
2
Calculate the highest common factor of 191216 and 222.
74
What is the highest common factor of 302503 and 373?
373
Calculate the highest common factor of 1677 and 3081.
39
What is the greatest common divisor of 138 and 19389?
69
Calculate the greatest common divisor of 1498008 and 8.
8
What is the highest common factor of 1546136 and 3768?
1256
What is the greatest common factor of 108 and 302346?
54
Calculate the highest common factor of 117180 and 12710.
310
Calculate the highest common divisor of 21877 and 103097.
131
What is the highest common divisor of 109769 and 374?
187
What is the greatest common factor of 704 and 11648?
64
Calculate the highest common divisor of 2742068 and 28.
28
What is the greatest common divisor of 132172 and 19100?
764
Calculate the greatest common factor of 2899 and 377.
13
Calculate the highest common divisor of 2 and 7214.
2
Calculate the highest common factor of 834 and 691247.
139
What is the highest common factor of 9282 and 5824?
182
Calculate the highest common divisor of 8035 and 258727.
1607
What is the greatest common factor of 17955 and 2280?
285
Calculate the highest common factor of 575470 and 130.
10
Calculate the highest common factor of 58145 and 6119.
29
Calculate the greatest common factor of 13062 and 630.
42
Calculate the highest common factor of 7632 and 4464.
144
What is the greatest common divisor of 137048 and 296?
296
Calculate the greatest common factor of 400 and 195175.
25
What is the highest common divisor of 2356 and 1655090?
1178
Calculate the highest common factor of 46 and 31418.
46
What is the highest common factor of 3127 and 6667?
59
What is the highest common divisor of 820 and 1575015?
205
What is the greatest common factor of 16813 and 9503?
731
What is the greatest common factor of 29 and 398779?
29
Calculate the greatest common factor of 39007 and 95.
19
Calculate the greatest common divisor of 27999 and 17019.
549
What is the greatest common divisor of 101658 and 12?
6
Calculate the greatest common factor of 39630 and 1095.
15
Calculate the highest common factor of 423 and 25709.
47
What is the highest common divisor of 7364 and 308?
28
What is the greatest common divisor of 428 and 54760?
4
What is the highest common divisor of 23166 and 16302?
858
What is the highest common factor of 610 and 110430?
10
What is the highest common factor of 81992 and 16?
8
What is the greatest common divisor of 184128 and 13608?
168
What is the greatest common factor of 90 and 10425?
15
Calculate the greatest common factor of 387637 and 2195.
439
What is the highest common factor of 4443 and 1286989?
1481
Calculate the greatest common factor of 556909 and 38.
19
Calculate the greatest common divisor of 3876 and 52383.
57
Calculate the highest common divisor of 1736383 and 129.
43
Calculate the greatest common divisor of 1228254 and 1076.
538
Calculate the greatest common factor of 2231872 and 3440.
688
What is the highest common factor of 7644 and 9204?
156
What is the greatest common factor of 1106669 and 899?
899
What is the highest common divisor of 498 and 3130594?
166
What is the greatest common divisor of 9582 and 96?
6
Calculate the greatest common divisor of 46478 and 34.
34
Calculate the highest common factor of 2030 and 2482690.
2030
What is the greatest common divisor of 163511 and 118654?
1447
Calculate the highest common divisor of 936 and 2600.
104
Calculate the highest common divisor of 330 and 3810.
30
Calculate the greatest common divisor of 3335 and 6785.
115
What is the highest common divisor of 3431352 and 24?
24
What is the greatest common factor of 2916 and 36?
36
Calculate the greatest common divisor of 57 and 924711.
57
What is the highest common divisor of 108 and 51696?
36
What is the greatest common factor of 7180094 and 46?
46
Calculate the greatest common factor of 2839 and 2414.
17
What is the greatest common divisor of 1904 and 328?
8
What is the highest common divisor of 15 and 684840?
15
What is the highest common divisor of 10268 and 2312?
68
Calculate the greatest common divisor of 513655 and 15.
5
What is the highest common divisor of 704 and 29612?
44
What is the greatest common divisor of 753 and 121484?
251
Calculate the greatest common factor of 3332 and 1836.
68
Calculate the greatest common factor of 2872 and 503318.
718
Calculate the highest common factor of 377 and 1105.
13
What is the greatest common divisor of 26286 and 7488?
78
What is the highest common divisor of 8 and 843752?
8
What is the greatest common factor of 11 and 197131?
11
What is the highest common factor of 669 and 348?
3
What is the highest common factor of 10431 and 4819?
61
Calculate the greatest common divisor of 10 and 1166150.
10
What is the greatest common factor of 1067 and 628463?
1067
Calculate the highest common divisor of 73383 and 3477.
183
What is the highest common factor of 308 and 104324?
44
Calculate the highest common factor of 1500 and 804.
12
What is the greatest common divisor of 48 and 331752?
24
Calculate the highest common factor of 128 and 528.
16
Calculate the highest common factor of 187 and 3383.
17
What is the highest common divisor of 650 an